alue of (28 - (8 - 3)) + 7?
30
What is the value of (-6 - (-4 + 4 + -26)) + -12?
8
Calculate -13 + -8 + 17 + -18 - 5.
-27
Evaluate (10 - -4) + (-4 - (7 - 2)).
5
Evaluate 0 - (5 + -19) - -7 - 12.
9
What is 6 + 16 + -21 + 1 + (-1 - 0)?
1
-64 + 46 + (5 - 3 - -11)
-5
Evaluate (0 - -3 - (-86 - -82)) + (-2 - -1).
6
-42 + 34 + -1 + -6
-15
0 - (4 - (-10 - -3) - (2 - 0))
-9
What is 13 + (-3 - (-4 + 11)) - (-11 - 0)?
14
Evaluate (3 - -1) + (-24 - -19) + -16.
-17
Calculate -2 + 5 + -10 - -15.
8
What is the value of (-17 - -4) + (30 - (0 - 6))?
23
What is -7 - (31 - 2) - (-1 - 0 - 5)?
-30
Evaluate 15 - 7 - (1 + (-6 - (13 - 4))).
22
What is the value of 106 + -120 - (-12 + (-5 - -4))?
-1
What is 53 - (-3 + -17 + 49)?
24
What is the value of (-13 + -8 - -9) + (-1 - 10) + 10?
-13
Evaluate 6 - 12 - (53 + -75).
16
-15 - (-35 - (-7 + -23))
-10
-18 + (-20 - -40 - -3)
5
Calculate -4 - (-85 + 89 + (5 - (0 + 0))).
-13
Evaluate -13 + 53 - 9 - 19.
12
(22 - 14) + -4 - 5
-1
Calculate 1 + (-82 + 40 - -47).
6
What is 7 + (-1 + 13 - ((-27 - -62) + -32))?
16
Evaluate 92 + -90 + -15 + -4.
-17
Evaluate (0 + -1 - -2 - -8) + 117 + -127.
-1
What is (0 - -1) + (3 - -18 - 4) + -6?
12
Calculate -51 + 52 + -10 + 5.
-4
What is the value of -17 + (-5 - -19) + 1 + (0 - 0)?
-2
What is the value of (-1 + -4 - (4 + -11 + 4)) + 3?
1
Evaluate -4 - (-69 + 73 - (-1 - (-1 - 1))).
-7
(9 - 10 - -9) + (7 - (-3 + 38))
-20
-10 - ((-9 - 1) + -30 + 32) - -5
3
-27 + (-19 - -30) - -5
-11
What is the value of 13 + -7 + 16 + -11 + (-2 - -3)?
12
Calculate 2 - (18 - (-9 + 16)).
-9
What is 9 - (-24 + 16 + 10 + -6 + 1)?
12
Calculate (-5 + -4 - -27) + -13.
5
(-3 - 19 - -8) + 0 + 1
-13
8 - ((37 - 47) + 19 + -1 - -37)
-37
What is the value of 15 - (-5 + 22) - (-9 - -1)?
6
What is the value of -7 + 6 + -6 + -4 + 2 + -2?
-11
-9 - (18 - 19 - 5 - (1 - -21))
19
Evaluate (-7 - -2) + 3 + -10 + (-4 - -7).
-9
Evaluate (-3 + 10 + -2 - (6 - 2)) + 3.
4
What is the value of -7 - (-17 + -7 + 15)?
2
What is the value of 2 - (5 - (11 - 4 - -6))?
10
Calculate -2 + 21 - (-4 + 5) - (16 + -13).
15
Calculate 0 - -75 - (-16 - -54).
37
What is -10 + 7 - -3 - 13?
-13
Evaluate 9 + -24 + -11 + 15 - (4 + -1).
-14
Calculate -226 + 197 + 2 + 2.
-25
Calculate -2 + -23 - (15 - (10 - -2)).
-28
Calculate -23 - -17 - (35 + -49).
8
What is (0 - 0 - 1 - 4 - -1) + -2?
-6
What is the value of -14 + 8 - ((-2 - 1) + -3)?
0
20 + -49 + (-22 - -15)
-36
What is the value of -16 + 31 + -44 - -15?
-14
What is (2 + -7 + 3 + 10 - 27) + 8?
-11
Calculate (-13 - -23) + -14 + (2 - (-6 + 1)).
3
What is the value of 4 - ((11 - 14) + 18)?
-11
What is the value of -14 + 16 + -7 + 0 - 5?
-10
Evaluate (-3 - 0) + (13 - 15) + 5.
0
What is 1 + 17 - (-25 + (59 - 44))?
28
Evaluate -17 - (12 - 26 - (3 + -6)).
-6
8 + (-14 - -9) - 5
-2
Evaluate 16 + -6 + -19 + 12 - (23 - 14).
-6
What is (12 - (0 - 0)) + 3454 + -3494?
-28
What is -23 + (14 - -1) - 17?
-25
Evaluate (-12 + 14 + -5 - (-4 - -2)) + -12.
-13
Evaluate (0 - 67) + (496 - 460).
-31
What is (9 - -3 - -3) + -4 - 8?
3
What is the value of 12 + 304 + -311 + (0 - 3)?
2
Evaluate (31 - (-33 + 28)) + -19.
17
What is 7 + 2 - (22 - (19 - 3))?
3
Evaluate -7 + -5 - (-6 - -12 - -2).
-20
What is 12 + -1 + (11 + -25 - -22)?
19
Calculate -6 + 9 + -22 + 91 + -105.
-33
What is (-29 - (-6 + 10)) + 14?
-19
What is the value of (-14 + 92 - 36) + -25?
17
Evaluate -9 + -16 - -19 - 6.
-12
(-8 - (-6 - 10) - 13) + 12
7
What is 16 - ((-14 - -37) + -6)?
-1
Calculate -37 - -44 - (-3 + 7 + 8).
-5
30 + (0 - 9) - (2 - 7 - 0)
26
What is the value of -3 + -4 + 4 + (3 - (-4 + 7))?
-3
-4 - 0 - (-75 - -68)
3
Calculate 7 + -19 + -4 + 24.
8
What is -4 - (-15 + 12) - 2?
-3
What is 2 + -30 - (-50 + 20)?
2
(-527 - -531) + 1 + -1 + 1
5
Calculate 0 + 11 + (-11 - (-42 - -64)).
-22
Calculate 11 + -2 + -16 - (-17 + (-2 - -6)).
6
What is the value of (-38 - -13) + (29 - 7)?
-3
What is the value of -7 + (6 - 2) + 9 + 0 + 4?
10
Calculate 5 - (-22 - -41 - 9).
-5
What is -42 - (-19 + 4 + 0 + 2)?
-29
What is (156 - 156 - (0 + 0 - -5)) + 3?
-2
Calculate 1 + (-3 - (-7 - -13 - (-6 - -2))).
-12
What is the value of 9 + (-13 - -9) + 13 + -4?
14
(-2 + 4 + 2 - 2 - 2) + 16
16
-6 + ((5 - 4) + 7 - -3)
5
Evaluate 1 + -7 - (0 + -11 - (-88 - -95)).
12
Calculate -4 + (-27 - (-9 - 37)).
15
What is the value of 6 - (-2 + (0 - (8 - 6 - 4)))?
6
Calculate 6 - -8 - 29 - -6.
-9
What is the value of -14 - 1 - (-7 - -13 - 30)?
9
What is the value of 11 + (32 - 35) + 2?
10
Calculate 2 - 22 - -8 - -9.
-3
Evaluate 9 + (-3 - 8) - (-2 + -19) - 7.
12
(8 - -22) + -1 + (-6 - -5)
28
3 + 20 + (-13 - (-6 + 7))
9
What is the value of -14 - -30 - (3 + 5 + -2 - 2)?
12
Calculate -17 + 8 - (14 + -43).
20
Calculate -3 + 25 + -49 - -30.
3
Calculate -136 + 145 - ((1 - -26) + -2).
-16
What is 10 - (-2 + 8 + -3) - -11?
18
(-4 - -4 - -9) + -56 + (16 - 7)
-38
Evaluate 1 + 24 - (-4 - (30 + -39)).
20
Calculate (-9 - (-9 + -9)) + -7 - (2 + -10).
10
What is the value of (18 - ((-8 - 0) + 22 - 7)) + 3?
14
What is 0 + (8 - (1 - -1) - (-12 - -6))?
12
Calculate -9 + (10 + (4 - 7) - 0).
-2
What is 787 + -737 - (32 + 1)?
17
Calculate -44 - -39 - (2 + -3 + 10).
-14
What is -9 + -4 + 9 + -5 + 13 + 13?
17
-16 + 3 + 4 + 6
-3
Evaluate 5 + (-1 + 0 - (22 - 23)) + -9.
-4
Evaluate 57 + -67 + (-1 - 4) + 38.
23
(3 + 5 - -5 - 5) + -5 + 1
4
What is 1 - -18 - (-18 + 14) - 6 - 0?
17
Evaluate 11 - (-14 + 19 - 1).
7
-17 - (-24 + 19) - (2 - 10)
-4
Calculate 14 + 1 + -13 + -4.
-2
What is the value of -16 - (-18 + (-12 - -2))?
12
What is the value of (-19 - (-70 + 28)) + 16?
39
Calculate (29 - (6 - (2 - (0 + -1)))) + -1.
25
Evaluate 73 + -68 - (-8 + -5).
18
What is 5 + (0 - 0) - (-94 + 96)?
3
What is (9 - -1) + 1 + (-5 - 4)?
2
What is the value of (-31 - -19) + (10 - -15 - 10)?
3
Evaluate (7 - 31) + (-27 - -42) + (20 - -1).
12
Calculate (18 - 13 - 0) + (5 - 2 - -11).
19
Calculate -16 - (1 + -7 + -7) - (-1 - 1).
-1
32 + 16 + -24 + -22
2
(-11 + (8 - 0) - 13) + 8 + 13
5
What is the value of (5 - (9 - 14)) + -11?
-1
Calculate 1620 + -1658 - (0 - 32).
-6
What is the value of 1 + -3 + 5 + (10 - 14) - 0?
-1
-3 + 2 + 4 + 1 - (13 + 1)
-10
Evaluate -22 - (-3 - ((5 - 8) + (-2 - -2))).
-22
What is (5 - 0 - 15) + 12?
2
10 + 16 + -16 - (4 + -13)
19
What is 0 + 3 + (0 - 2) + 46 + -61?
-14
What is 14 + (9 - 6) + 137 + -170?
-16
Calculate (27 - 15) + -14 + 2 + -3.
-3
Evaluate -8 + 2 + ((-1 - 4) + -13 - -12).
-12
What is the value of (-6 - 6) + 40 + -8?
20
What is -2 + (11 - 10) + -2 + 1 - 36?
-38
What is -21 + (23 - 5) + -10?
-13
What is the value of -3 - (1 + -4) - (41 - 46)?
5
What is -1 + (-25 - -6) + 6?
-14
(9 - (-2 + 27)) + 4 + 9
-3
Evaluate 86 + -99 - (5 - (27 - -2)).
11
-1 - 37 - (1509 - 1557)
10
What is 29 - (-11 - -65) - -25?
0
Calculate (-5 - 1 - (4 + -7)) + 0 - -5.
2
Calculate (-23 + 36 - 4) + -31 + -2 + 3.
-21
What is the value of -13 + (1 - -1) - (6 + -6 + -5)?
-6
What is the value of (-123 - -114) + (-1 - -3) + -3?
-10
-4 + (-4 - -10 - 15 - -4)
-9
Evaluate 6 + -5 - (25 + -18).
-6
Evaluate 35 + -14 + (0 - 7) + -8.
6
What is -6 + -16 + 32 - 17?
-7
Evaluate -28 + 23 + -22 + 14 + 5.
-8
Calculate (9 - 0) + -3 + -1 + 2 + 2.
9
Calculate 0 - -4 - (9 + 5).
-10
What is the value of 5 - (36 + (1 - (19 + (-14 - -5))))?
-22
Calculate -13 - (2 - 13) - (13 - (-1 + 4)).
-12
1 + 1 + (-24 + 24 - -14)
16
What is the value of (1378 - 1372) + (17 - 1)?
22
Calculate 5 - (24 + -6 + 4 + -4).
-13
What is the value of (-4 + 3 - 6) + (7 - 19) + 8?
-11
What is the value of 6 + (0 - (5 - -12) - -7)?
-4
What is the value of -152 + 163 + (2 - 12) - 12?
-11
What is the value of 2 + 0 - (-8 - (4 + -8) - 6)?
12
What is 14 - 25 - -15 - 9?
-5
What is 1 + 9 + 6 + 0 + (-28 - -24)?
12
What is (-6 + 22 - 0) + (3 - 1)?
18
(-108 - -115) + (-4 - 19)
-16
What is -125 + 135 - (-2 - (-56 + (1 - -3)))?
-40
Evaluate 1 - (7 - -13 - 8).
-11
What is (-15 - -17) + (4 + 0 - -1) + -5?
2
-15 - (13 - (-14 - -56))
14
Calculate (-38 - (-32 - -15)) + (-2 - -10) + -6.
-19
What is 15 - (3 - (-11 + 7)) - (4 - -8)?
-4
Calculate 2 + -2 + 6 + (-28 - -15).
-7
Evaluate (33 - 71) + 5 + 20.
-13
What is the value of (-81 - -60) + (-1 - -10) + (5 - 1)?
-8
Calculate 0 + 49 + -33 - 42.
-26
-21 - (9 - 32 - -3)
-1
What is the value of 9 + -9 + 8 + 2 - -6?
16
What is the value of (-5 - -9) + 9 + -18?
-5
(5 + -2 + -2 -